{"id":1498,"date":"2015-05-20T22:58:03","date_gmt":"2015-05-20T20:58:03","guid":{"rendered":"http:\/\/www.larondinepisa.it\/?page_id=1498"},"modified":"2024-05-02T15:00:12","modified_gmt":"2024-05-02T13:00:12","slug":"home-de","status":"publish","type":"page","link":"https:\/\/www.larondinepisa.it\/?taxonomy=language&term=de","title":{"rendered":"Home Tedesco"},"content":{"rendered":"<div class=\"wpb_row clearfix vc_row-fluid cs-row-container-wrap vc_custom_1541589507751\"><div class=\"ww-parallax-bg\" style=\"background: ; opacity :0;\"><\/div><div class=\"container cs-row-container stripe-video-content \" ><div class=\"row\">\n\t<div class=\"vc_col-sm-12 vc_col-lg-6 vc_col-md-6 vc_col-xs-12 wpb_column vc_column_container  \" >\n\t\t<div class=\"wpb_wrapper\">\n\t\t\t\n\t<div class=\"wpb_text_column wpb_content_element \">\n\t\t<div class=\"wpb_wrapper\">\n\t\t\t<h1 style=\"line-height: 35px; margin-bottom: 35px; margin-top: -14px;\"><span class=\"light home-black-small\">Bed &amp; Breakfast<\/span> <span class=\"bold home-gold-small\">LA RONDINE PISA<\/span><\/h1>\n<p class=\"regular home-text\">La Rondine H\u00e4user ist in eine Faust entlang der Monti Pisa befindet sich in einer ruhigen Gegend in der freien Natur nur 10 Minuten von Lucca und Pisa.<\/p>\n<p class=\"regular home-text\">Ein neues Geb\u00e4ude mit einem gro\u00dfen Garten mit Grill und einen privaten Parkplatz Coal Bed and Breakfast La Rondine verf\u00fcgt \u00fcber 3 komfortable Zimmer mit eigenem Bad, Farb-TV und Klimaanlage.<\/p>\n\n\t\t<\/div> \n\t<\/div> \n\t\t<\/div> \n\t<\/div> \n\n\t<div class=\"vc_col-sm-4 vc_col-md-4 vc_col-xs-8 wpb_column vc_column_container  \" >\n\t\t<div class=\"wpb_wrapper\">\n\t\t\t\n\t<div class=\"wpb_single_image wpb_content_element\">\n\t\t<div class=\"wpb_wrapper\">\n\t\t\t<img width=\"797\" height=\"1024\" src=\"https:\/\/www.larondinepisa.it\/wordpress\/wp-content\/uploads\/2024\/05\/pisa-11.jpg\" class=\"attachment-full\" alt=\"La rondine pisa - bedroom\" loading=\"lazy\" srcset=\"https:\/\/www.larondinepisa.it\/wordpress\/wp-content\/uploads\/2024\/05\/pisa-11.jpg 797w, https:\/\/www.larondinepisa.it\/wordpress\/wp-content\/uploads\/2024\/05\/pisa-11-233x300.jpg 233w\" sizes=\"(max-width: 797px) 100vw, 797px\" \/>\n\t\t\t\n\t\t<\/div> \n\t<\/div> \n\t\t<\/div> \n\t<\/div> \n\n\t<div class=\"vc_col-sm-2 vc_col-md-2 vc_col-xs-4 wpb_column vc_column_container  \" >\n\t\t<div class=\"wpb_wrapper\">\n\t\t\t\n\t<div class=\"wpb_single_image wpb_content_element\">\n\t\t<div class=\"wpb_wrapper\">\n\t\t\t<img width=\"1024\" height=\"768\" src=\"https:\/\/www.larondinepisa.it\/wordpress\/wp-content\/uploads\/2024\/05\/pisa-21.jpg\" class=\"attachment-full\" alt=\"La rondine pisa - livingroom\" loading=\"lazy\" srcset=\"https:\/\/www.larondinepisa.it\/wordpress\/wp-content\/uploads\/2024\/05\/pisa-21.jpg 1024w, https:\/\/www.larondinepisa.it\/wordpress\/wp-content\/uploads\/2024\/05\/pisa-21-300x225.jpg 300w\" sizes=\"(max-width: 1024px) 100vw, 1024px\" \/>\n\t\t\t\n\t\t<\/div> \n\t<\/div> \n\t\t<\/div> \n\t<\/div> \n<\/div><\/div><\/div><div class=\"wpb_row clearfix vc_row-fluid cs-row-container-wrap vc_custom_1431034454968\"><div class=\"ww-parallax-bg\" style=\"background: ; opacity :0;\"><\/div><div class=\"container cs-row-container stripe-video-content \" ><div class=\"row\">\n\t<div class=\"vc_col-sm-4 vc_col-md-4 vc_col-xs-8 wpb_column vc_column_container   hidden-sm hidden-xs\" >\n\t\t<div class=\"wpb_wrapper\">\n\t\t\t\n\t<div class=\"wpb_single_image wpb_content_element\">\n\t\t<div class=\"wpb_wrapper\">\n\t\t\t<img width=\"1000\" height=\"750\" src=\"https:\/\/www.larondinepisa.it\/wordpress\/wp-content\/uploads\/2024\/05\/hp-lucca-11.jpg\" class=\"attachment-full\" alt=\"La rondine lucca - kitchen\" loading=\"lazy\" srcset=\"https:\/\/www.larondinepisa.it\/wordpress\/wp-content\/uploads\/2024\/05\/hp-lucca-11.jpg 1000w, https:\/\/www.larondinepisa.it\/wordpress\/wp-content\/uploads\/2024\/05\/hp-lucca-11-300x225.jpg 300w\" sizes=\"(max-width: 1000px) 100vw, 1000px\" \/>\n\t\t\t\n\t\t<\/div> \n\t<\/div> \n\t\t<\/div> \n\t<\/div> \n\n\t<div class=\"vc_col-sm-2 vc_col-md-2 vc_col-xs-4 wpb_column vc_column_container   hidden-sm hidden-xs\" >\n\t\t<div class=\"wpb_wrapper\">\n\t\t\t\n\t<div class=\"wpb_single_image wpb_content_element\">\n\t\t<div class=\"wpb_wrapper\">\n\t\t\t<img width=\"1000\" height=\"563\" src=\"https:\/\/www.larondinepisa.it\/wordpress\/wp-content\/uploads\/2024\/05\/hp-lucca-21.jpg\" class=\"attachment-full\" alt=\"La rondine lucca - terrace\" loading=\"lazy\" srcset=\"https:\/\/www.larondinepisa.it\/wordpress\/wp-content\/uploads\/2024\/05\/hp-lucca-21.jpg 1000w, https:\/\/www.larondinepisa.it\/wordpress\/wp-content\/uploads\/2024\/05\/hp-lucca-21-300x169.jpg 300w\" sizes=\"(max-width: 1000px) 100vw, 1000px\" \/>\n\t\t\t\n\t\t<\/div> \n\t<\/div> \n\t\t<\/div> \n\t<\/div> \n\n\t<div class=\"vc_col-sm-12 vc_col-lg-6 vc_col-md-6 vc_col-xs-12 wpb_column vc_column_container  \" >\n\t\t<div class=\"wpb_wrapper\">\n\t\t\t\n\t<div class=\"wpb_text_column wpb_content_element \">\n\t\t<div class=\"wpb_wrapper\">\n\t\t\t<h1 style=\"line-height: 35px; margin-bottom: 35px; margin-top: -14px;\"><span class=\"light home-black-small\">Wohnung<\/span> <span class=\"bold home-gold-small\">LA RONDINE LUCCA<\/span><\/h1>\n<p class=\"regular home-text\">Wohnung befindet sich nahe dem Stadtzentrum von Lucca , ein paar Meter von der r\u00f6mischen Mauern befindet. Diese Wohnung ist eine optimale L\u00f6sung f\u00fcr die Stadt und besuchen Sie alle touristischen Attraktionen der Gegend.<\/p>\n<p class=\"regular home-text\">Doppelzimmer, Zimmer mit Klimaanlage mit Doppelschlafcouch, Ottomane Einzelbett und Bad mit Dusche im ersten Stock, ist das Dachgeschoss der K\u00fcche, Badezimmer mit Dusche und eine gro\u00dfe Terrasse von 20 qm mit Tisch f\u00fcr Mahlzeiten im Freien und Sonnenschirm.<\/p>\n\n\t\t<\/div> \n\t<\/div> \n\t\t<\/div> \n\t<\/div> \n<\/div><\/div><\/div><div class=\"wpb_row clearfix vc_row-fluid cs-row-container-wrap vc_custom_1431034454968\"><div class=\"ww-parallax-bg\" style=\"background: ; opacity :0;\"><\/div><div class=\"container cs-row-container stripe-video-content \" ><div class=\"row\">\n\t<div class=\"vc_col-sm-4 vc_col-md-8 vc_col-xs-8 wpb_column vc_column_container   hidden-lg hidden-md\" >\n\t\t<div class=\"wpb_wrapper\">\n\t\t\t\n\t<div class=\"wpb_single_image wpb_content_element\">\n\t\t<div class=\"wpb_wrapper\">\n\t\t\t<img width=\"363\" height=\"285\" src=\"https:\/\/www.larondinepisa.it\/wordpress\/wp-content\/uploads\/2014\/06\/rect3600.png\" class=\"attachment-full\" alt=\"\" loading=\"lazy\" \/>\n\t\t\t\n\t\t<\/div> \n\t<\/div> \n\t\t<\/div> \n\t<\/div> \n\n\t<div class=\"vc_col-sm-2 vc_col-md-4 vc_col-xs-4 wpb_column vc_column_container   hidden-lg hidden-md\" >\n\t\t<div class=\"wpb_wrapper\">\n\t\t\t\n\t<div class=\"wpb_single_image wpb_content_element\">\n\t\t<div class=\"wpb_wrapper\">\n\t\t\t<img width=\"168\" height=\"285\" src=\"https:\/\/www.larondinepisa.it\/wordpress\/wp-content\/uploads\/2014\/06\/rect3602.png\" class=\"attachment-full\" alt=\"\" loading=\"lazy\" \/>\n\t\t\t\n\t\t<\/div> \n\t<\/div> \n\t\t<\/div> \n\t<\/div> \n<\/div><\/div><\/div>\n","protected":false},"excerpt":{"rendered":"Bed &amp; Breakfast LA RONDINE PISA La Rondine H\u00e4user ist in eine Faust entlang der Monti Pisa befindet sich in einer ruhigen Gegend in der freien Natur nur 10 Minuten von Lucca und Pisa. Ein neues Geb\u00e4ude mit einem gro\u00dfen Garten mit Grill und einen privaten Parkplatz Coal Bed and Breakfast La Rondine verf\u00fcgt \u00fcber [...]","protected":false},"author":1,"featured_media":0,"parent":0,"menu_order":0,"comment_status":"closed","ping_status":"closed","template":"","meta":[],"_links":{"self":[{"href":"https:\/\/www.larondinepisa.it\/index.php?rest_route=\/wp\/v2\/pages\/1498"}],"collection":[{"href":"https:\/\/www.larondinepisa.it\/index.php?rest_route=\/wp\/v2\/pages"}],"about":[{"href":"https:\/\/www.larondinepisa.it\/index.php?rest_route=\/wp\/v2\/types\/page"}],"author":[{"embeddable":true,"href":"https:\/\/www.larondinepisa.it\/index.php?rest_route=\/wp\/v2\/users\/1"}],"replies":[{"embeddable":true,"href":"https:\/\/www.larondinepisa.it\/index.php?rest_route=%2Fwp%2Fv2%2Fcomments&post=1498"}],"version-history":[{"count":15,"href":"https:\/\/www.larondinepisa.it\/index.php?rest_route=\/wp\/v2\/pages\/1498\/revisions"}],"predecessor-version":[{"id":2228,"href":"https:\/\/www.larondinepisa.it\/index.php?rest_route=\/wp\/v2\/pages\/1498\/revisions\/2228"}],"wp:attachment":[{"href":"https:\/\/www.larondinepisa.it\/index.php?rest_route=%2Fwp%2Fv2%2Fmedia&parent=1498"}],"curies":[{"name":"wp","href":"https:\/\/api.w.org\/{rel}","templated":true}]}}